{"id":192,"date":"2025-12-29T22:25:32","date_gmt":"2025-12-29T22:25:32","guid":{"rendered":"https:\/\/roberto-donoso.com\/?page_id=192"},"modified":"2026-03-13T23:26:55","modified_gmt":"2026-03-13T23:26:55","slug":"sobre-mi-2","status":"publish","type":"page","link":"https:\/\/roberto-donoso.com\/index.php\/sobre-mi-2\/","title":{"rendered":"SOBRE MI"},"content":{"rendered":"\t\t<div data-elementor-type=\"wp-page\" data-elementor-id=\"192\" class=\"elementor elementor-192\">\n\t\t\t\t<div class=\"elementor-element elementor-element-2ed4b7ba e-flex e-con-boxed e-con e-parent\" data-id=\"2ed4b7ba\" data-element_type=\"container\">\n\t\t\t\t\t<div class=\"e-con-inner\">\n\t\t\t\t<div class=\"elementor-element elementor-element-2a786163 elementor-widget elementor-widget-text-editor\" data-id=\"2a786163\" data-element_type=\"widget\" data-widget_type=\"text-editor.default\">\n\t\t\t\t\t\t\t\t\t<p>\u00a0<\/p><p><span style=\"font-family: 'Open Sans Hebrew Condensed', sans-serif; background-color: #ffffff;\" data-start=\"653\" data-end=\"671\">\u00a0 \u00a0Soy<span style=\"font-weight: bold; font-style: inherit;\"> Roberto Donoso<\/span><\/span><span style=\"font-style: inherit; font-weight: inherit; font-family: 'Open Sans Hebrew Condensed', sans-serif; background-color: #ffffff;\">, publicista y fot\u00f3grafo con m\u00e1s de <\/span><strong style=\"font-style: inherit; font-family: 'Open Sans Hebrew Condensed', sans-serif; background-color: #ffffff;\" data-start=\"707\" data-end=\"778\">10 a\u00f1os de experiencia en fotograf\u00eda publicitaria y creaci\u00f3n visual<\/strong><span style=\"font-style: inherit; font-weight: inherit;\"><span style=\"font-family: Open Sans Hebrew Condensed, sans-serif;\"><span style=\"background-color: #ffffff;\">.\u00a0<\/span><\/span><\/span><\/p><p>Durante <strong style=\"font-style: inherit; font-family: 'Open Sans Hebrew Condensed', sans-serif; background-color: #ffffff;\" data-start=\"796\" data-end=\"849\">8 a\u00f1os he trabajado en una productora audiovisual<\/strong><span style=\"font-style: inherit; font-weight: inherit; font-family: 'Open Sans Hebrew Condensed', sans-serif; background-color: #ffffff;\">, participando en el desarrollo de contenidos de fotograf\u00eda y video para marcas y proyectos comerciales, consolidando una mirada estrat\u00e9gica enfocada en la comunicaci\u00f3n visual y el valor de marca.<\/span><\/p><p data-start=\"1054\" data-end=\"1254\">Mi trabajo combina <strong data-start=\"1073\" data-end=\"1128\">direcci\u00f3n, arte, manejo de luz y narrativa visual<\/strong> para transformar ideas, productos y espacios en im\u00e1genes claras, atractivas y coherentes con la identidad de cada proyecto.<\/p><p style=\"text-align: center;\"><!-- \/wp:media-text --><\/p><p data-start=\"1261\" data-end=\"1527\">Actualmente desarrollo proyectos de manera independiente, colaborando con <strong data-start=\"1335\" data-end=\"1398\">restaurantes, hoteles, vi\u00f1edos, emprendedores y dise\u00f1adores<\/strong> que buscan im\u00e1genes cuidadas, honestas y con intenci\u00f3n comercial, pensadas para destacar sus marcas y conectar con su audiencia.\u00a0<\/p><p><!-- \/wp:paragraph --><\/p>\t\t\t\t\t\t\t\t<\/div>\n\t\t\t\t\t<\/div>\n\t\t\t\t<\/div>\n\t\t<div class=\"elementor-element elementor-element-b1e282f e-flex e-con-boxed e-con e-parent\" data-id=\"b1e282f\" data-element_type=\"container\">\n\t\t\t\t\t<div class=\"e-con-inner\">\n\t\t\t\t<div class=\"elementor-element elementor-element-396355b elementor-widget elementor-widget-image\" data-id=\"396355b\" data-element_type=\"widget\" data-widget_type=\"image.default\">\n\t\t\t\t\t\t\t\t\t\t\t\t\t\t\t<img fetchpriority=\"high\" decoding=\"async\" width=\"683\" height=\"1024\" src=\"https:\/\/roberto-donoso.com\/wp-content\/uploads\/2026\/03\/BX1A3320-683x1024.jpg\" class=\"attachment-large size-large wp-image-369\" alt=\"\" srcset=\"https:\/\/roberto-donoso.com\/wp-content\/uploads\/2026\/03\/BX1A3320-683x1024.jpg 683w, https:\/\/roberto-donoso.com\/wp-content\/uploads\/2026\/03\/BX1A3320-200x300.jpg 200w, https:\/\/roberto-donoso.com\/wp-content\/uploads\/2026\/03\/BX1A3320-768x1152.jpg 768w, https:\/\/roberto-donoso.com\/wp-content\/uploads\/2026\/03\/BX1A3320-1024x1536.jpg 1024w, https:\/\/roberto-donoso.com\/wp-content\/uploads\/2026\/03\/BX1A3320-1365x2048.jpg 1365w, https:\/\/roberto-donoso.com\/wp-content\/uploads\/2026\/03\/BX1A3320-scaled.jpg 1707w\" sizes=\"(max-width: 683px) 100vw, 683px\" \/>\t\t\t\t\t\t\t\t\t\t\t\t\t\t\t<\/div>\n\t\t\t\t\t<\/div>\n\t\t\t\t<\/div>\n\t\t\t\t<\/div>\n\t\t","protected":false},"excerpt":{"rendered":"<p>\u00a0 \u00a0 \u00a0Soy Roberto Donoso, publicista y fot\u00f3grafo con m\u00e1s de 10 a\u00f1os de experiencia en fotograf\u00eda publicitaria y creaci\u00f3n [&hellip;]<\/p>\n","protected":false},"author":1,"featured_media":0,"parent":0,"menu_order":0,"comment_status":"closed","ping_status":"closed","template":"","meta":{"site-sidebar-layout":"default","site-content-layout":"","ast-site-content-layout":"default","site-content-style":"default","site-sidebar-style":"default","ast-global-header-display":"","ast-banner-title-visibility":"","ast-main-header-display":"","ast-hfb-above-header-display":"","ast-hfb-below-header-display":"","ast-hfb-mobile-header-display":"","site-post-title":"disabled","ast-breadcrumbs-content":"","ast-featured-img":"","footer-sml-layout":"","ast-disable-related-posts":"","theme-transparent-header-meta":"","adv-header-id-meta":"","stick-header-meta":"","header-above-stick-meta":"","header-main-stick-meta":"","header-below-stick-meta":"","astra-migrate-meta-layouts":"default","ast-page-background-enabled":"default","ast-page-background-meta":{"desktop":{"background-color":"var(--ast-global-color-5)","background-image":"","background-repeat":"repeat","background-position":"center center","background-size":"auto","background-attachment":"scroll","background-type":"","background-media":"","overlay-type":"","overlay-color":"","overlay-opacity":"","overlay-gradient":""},"tablet":{"background-color":"","background-image":"","background-repeat":"repeat","background-position":"center center","background-size":"auto","background-attachment":"scroll","background-type":"","background-media":"","overlay-type":"","overlay-color":"","overlay-opacity":"","overlay-gradient":""},"mobile":{"background-color":"","background-image":"","background-repeat":"repeat","background-position":"center center","background-size":"auto","background-attachment":"scroll","background-type":"","background-media":"","overlay-type":"","overlay-color":"","overlay-opacity":"","overlay-gradient":""}},"ast-content-background-meta":{"desktop":{"background-color":"var(--ast-global-color-4)","background-image":"","background-repeat":"repeat","background-position":"center center","background-size":"auto","background-attachment":"scroll","background-type":"","background-media":"","overlay-type":"","overlay-color":"","overlay-opacity":"","overlay-gradient":""},"tablet":{"background-color":"var(--ast-global-color-4)","background-image":"","background-repeat":"repeat","background-position":"center center","background-size":"auto","background-attachment":"scroll","background-type":"","background-media":"","overlay-type":"","overlay-color":"","overlay-opacity":"","overlay-gradient":""},"mobile":{"background-color":"var(--ast-global-color-4)","background-image":"","background-repeat":"repeat","background-position":"center center","background-size":"auto","background-attachment":"scroll","background-type":"","background-media":"","overlay-type":"","overlay-color":"","overlay-opacity":"","overlay-gradient":""}},"footnotes":""},"class_list":["post-192","page","type-page","status-publish","hentry"],"_links":{"self":[{"href":"https:\/\/roberto-donoso.com\/index.php\/wp-json\/wp\/v2\/pages\/192","targetHints":{"allow":["GET"]}}],"collection":[{"href":"https:\/\/roberto-donoso.com\/index.php\/wp-json\/wp\/v2\/pages"}],"about":[{"href":"https:\/\/roberto-donoso.com\/index.php\/wp-json\/wp\/v2\/types\/page"}],"author":[{"embeddable":true,"href":"https:\/\/roberto-donoso.com\/index.php\/wp-json\/wp\/v2\/users\/1"}],"replies":[{"embeddable":true,"href":"https:\/\/roberto-donoso.com\/index.php\/wp-json\/wp\/v2\/comments?post=192"}],"version-history":[{"count":68,"href":"https:\/\/roberto-donoso.com\/index.php\/wp-json\/wp\/v2\/pages\/192\/revisions"}],"predecessor-version":[{"id":386,"href":"https:\/\/roberto-donoso.com\/index.php\/wp-json\/wp\/v2\/pages\/192\/revisions\/386"}],"wp:attachment":[{"href":"https:\/\/roberto-donoso.com\/index.php\/wp-json\/wp\/v2\/media?parent=192"}],"curies":[{"name":"wp","href":"https:\/\/api.w.org\/{rel}","templated":true}]}}